l.
15
Suppose 7*v = 2*v + 30. Suppose -2*d = -5*l, -3*l + 20 + v = 4*d. Calculate the greatest common factor of l and 22.
2
Let n = -6 - -7. Suppose 1 = 5*b + 16. Let w(y) = y**3 + 3*y**2 - 3*y - 2. Let t be w(b). What is the greatest common divisor of t and n?
1
Let z(i) = -32*i - 112. Let g be z(-12). Calculate the greatest common divisor of 34 and g.
34
Let j be (-3)/9 - 75/(-9). Let g be (-3)/3 + j - 1. What is the greatest common factor of 60 and g?
6
Let z = -129 - -146. Calculate the highest common divisor of z and 187.
17
Let t = 261 - -63. What is the highest common factor of 54 and t?
54
Suppose -26 = -6*p + 280. Suppose 5 = a, 0 = -2*n + 3*a - 4*a + p. Calculate the highest common factor of n and 161.
23
Let n(k) = 11*k**2 - 2*k - 1. Let i be n(-1). What is the highest common divisor of 4 and i?
4
Let q(b) = 9*b**2 - 8*b + 4. Let k be q(5). Let t be (-2 - -2)*(0 + 1). Suppose 4*g - k - 119 = t. Calculate the highest common factor of g and 11.
11
Let y be 0 + 339/4 - 9/12. What is the highest common divisor of 24 and y?
12
Let q be 10*(2 + -5 + 5). Calculate the highest common factor of q and 180.
20
Suppose -5*h + 4*k = -387, 0 = 3*h + 3*k - 211 - 5. Suppose -b - 4*b = 150. Let w be (b/18)/((-1)/18). Calculate the highest common factor of h and w.
15
Let c be ((-36)/(-45))/(2/5). Calculate the greatest common factor of 18 and c.
2
Let w be (0 - 1)/(2/(-4 - 2)). Let o be 16/9 - (-4)/18. Calculate the greatest common divisor of w and o.
1
Let u(b) = b**3 - 13*b**2 + 7*b. Let g be u(13). What is the highest common factor of 13 and g?
13
Let c(d) = -d**2 - 8*d + 4. Let k be c(-9). Let z = k - -12. Let x be 0 - (-6)/2 - 2. Calculate the greatest common divisor of x and z.
1
Let o = 8 - -10. Calculate the greatest common divisor of 18 and o.
18
Suppose 0*v = 2*v + 5*q + 36, -5*v - 52 = 3*q. Let g be (v/3)/(-2)*24. Let a = -1529 + 1533. What is the highest common divisor of a and g?
4
Let r = -8 - -21. Let g = 89 - 24. Calculate the highest common divisor of g and r.
13
Let c = -11 - -15. Let g be ((-10)/c)/(3/(-6)). What is the highest common factor of g and 5?
5
Suppose -4*l - 4*i + 88 = 0, 0*l + 4*l - 112 = 4*i. Let u = l + -15. Calculate the greatest common factor of 80 and u.
10
Let r be (-4 - (-30)/8) + (-99)/(-12). What is the highest common factor of r and 32?
8
Let m(h) = -41*h + 2. Let j(s) = -s + 2*s + 1 - 3. Let z be j(0). Let b be m(z). What is the greatest common divisor of b and 12?
12
Let s be 6/3 + (-66)/(-3). What is the highest common factor of s and 16?
8
Suppose -5*p + 116 = -9. Calculate the greatest common divisor of p and 10.
5
Let p be 404/(-24) - (-2)/(-12). Let b = p - -27. Calculate the highest common factor of 40 and b.
10
Suppose 0 = -4*b + 9 + 15. Let c(o) = -67*o**3 + 2*o**2 + 3*o. Let z be c(-1). What is the greatest common divisor of b and z?
6
Let q be (36/20)/((-6)/(-20)). What is the greatest common divisor of q and 24?
6
Suppose 6*f + 726 = 12*f. Suppose -4*b + 4*o + 40 = 0, 20 + 8 = 3*b - 5*o. Calculate the highest common divisor of f and b.
11
Suppose -3*t - 3*c + 24 = 0, 2*c + 3*c = -4*t + 32. Suppose -1 = -m + 3. What is the greatest common divisor of m and t?
4
Suppose 14 = s - 25. Calculate the highest common factor of 91 and s.
13
Let l(g) = -g**3 + 8*g**2 - 7*g - 5. Let v be l(7). Let f = 1 - v. What is the greatest common factor of f and 24?
6
Let k = -32 + 46. What is the greatest common factor of k and 154?
14
Suppose 0 = 8*m - 40 - 160. Calculate the highest common divisor of m and 10.
5
Suppose -5*u = 4*b - 61, -3*b - 2*b + 101 = -2*u. What is the highest common divisor of 95 and b?
19
Let l be ((-2)/(-2)*-2)/2. Let k = 2 + l. Let f be 74/10 - (-4)/(-10). What is the greatest common divisor of f and k?
1
Let o(b) = -b**2 + 16*b - 20. Let a be o(6). What is the greatest common divisor of a and 5?
5
Let a(m) = -m + 10. Let p be a(2). What is the highest common factor of p and 56?
8
Suppose 32 = 2*z - 2*p + p, 0 = 2*p. Let t be 11/(-33) + 770/6. Calculate the greatest common factor of t and z.
16
Let g = -15 - -27. Let r(z) = z**2 - 10*z - 14. Let n be r(g). Let d be 4/(-10) + (-504)/(-10). What is the highest common factor of d and n?
10
Suppose 8*k = 10*k - 64. Calculate the highest common divisor of k and 96.
32
Let z be (-5)/((-165)/72) - (-10)/(-55). Suppose 5*d - 4*d = 22. Calculate the greatest common divisor of d and z.
2
Suppose 0 = -0*b - 4*b - 100. Let a = -15 - b. What is the highest common factor of 50 and a?
10
Let x be ((-87)/58)/((-218)/(-224) - 1). What is the highest common factor of x and 14?
14
Let y(g) = g**2 - 3*g - 1. Let q be y(6). Calculate the highest common divisor of q and 136.
17
Let s be 1*(1 + -2)*-1. Suppose 4*q - 33 = -s. What is the greatest common factor of q and 72?
8
Suppose -3*u = p + 4*p - 430, 3*u - 422 = -p. What is the greatest common factor of 20 and u?
20
Suppose -5*n + 105 = -3*p, -2*n - 5*p + 38 = -4. Calculate the highest common divisor of n and 105.
21
Let o be (7/(-4))/(-1*(-2)/(-40)). What is the highest common factor of o and 140?
35
Let x be ((-3)/(-6))/((-2)/(-16)). Let i = x + -1. Suppose -w = w + 5*h - 53, -i*w + 5*h = -17. Calculate the greatest common divisor of 14 and w.
14
Suppose v = -3 + 5. Suppose -a = v*g - 12 - 4, -2*g + 24 = -a. What is the greatest common divisor of g and 40?
10
Suppose 10 = -4*g + 150. What is the highest common divisor of g and 14?
7
Suppose 0 = -3*n + 6 + 6. Suppose -m - 62 = -4*b, -m = -n*b + 4*m + 54. Calculate the greatest common factor of b and 40.
8
Let q(j) = j**3 + 6*j**2 + 3*j - 11. Let s be q(-5). Let k(n) = -29*n**3 + 2*n**2 - 1. Let m be k(s). Calculate the greatest common factor of m and 10.
10
Let t(x) = x**2 - x - 5. Let p be t(-4). Let g = -454 - -514. What is the greatest common divisor of g and p?
15
Let w be (-13)/(((-8)/3)/8). Let l = -6 - -19. What is the highest common divisor of w and l?
13
Let o be (-2)/(-11) - 1866/(-22). Let d = o - 46. Calculate the greatest common divisor of d and 26.
13
Suppose 0 = -3*k + k. Let b be (1 + k)*(-3 - -46). Let y = b - 27. Calculate the highest common factor of 96 and y.
16
Suppose -5*j + 5*m = -1010, -2*j + 2*m = 7*m - 397. Suppose -9 = 3*r - j. Calculate the greatest common factor of r and 8.
8
Suppose 0 = -b + 5*b + 5*j - 26, -b = -5*j + 6. Calculate the highest common factor of b and 44.
4
Let d(f) = f**3 + 7*f**2 + 6*f + 4. Let q be d(-6). Let j be (1 + -2)*(q + -23). Suppose 2*n + 0*n = 418. Calculate the greatest common factor of n and j.
19
Let q be 309/4 - 2/8. What is the highest common divisor of q and 11?
11
Let s = 19 - 33. Let v be (0 - 18)/((-4)/6). Let x = v + s. Calculate the highest common factor of x and 26.
13
Suppose 39*v = 34*v + 210. Calculate the highest common divisor of v and 70.
14
Let i be 13/39*(3 - 0). Let o = i + 8. What is the highest common divisor of o and 36?
9
Let q be (-40)/6*(-15)/(-10). Let b = q - -5. Let c be (-11)/(-5) + 1/b. Calculate the greatest common divisor of c and 3.
1
Let n(w) = w**2 - 3*w - 5. Let x be ((-12)/(-10))/((-1)/(-5)). Let a be n(x). Calculate the greatest common factor of a and 52.
13
Suppose 18 = -4*g + 174. Calculate the highest common factor of 13 and g.
13
Let r = -9 + 13. Suppose 0 = -r*m + 2*m + 14. Calculate the highest common factor of m and 7.
7
Suppose 0*s - 4*s + 20 = 0. Suppose 2*q - 2*z = 106, -216 = -4*q + 3*z - z. Calculate the highest common divisor of q and s.
5
Suppose p + 17 = 4*d, p = 2*d - 7*d + 28. Let o = 2 + d. Let v = 108 + -52. Calculate the greatest common divisor of o and v.
7
Let f(u) = -u**3 + 11*u**2 - 4*u + 9. Let q be f(6). Calculate the greatest common divisor of 33 and q.
33
Suppose 0 = 2*c + 8, -4*h = -4*c - 7 - 49. Suppose -o = -h - 13. Suppose k + 0*k - 23 = 0. What is the highest common factor of o and k?
23
Suppose -3*v = 5*d + 5 - 237, v - 136 = -3*d. What is the greatest common factor of 22 and d?
22
Suppose 4*f + 0*f - 16 = 0, j + 2*f = 13. Suppose 2*x - j*k + 8 = 87, 3*x - k = 86. What is the greatest common divisor of 3 and x?
3
Let a(c) = -2*c + 8. Let w be a(-8). Let z(d) = -d**2 - d - 5. Let v be z(0). Let f be ((-4)/v)/(2/15). Calculate the highest common factor of w and f.
6
Let p(o) be the third derivative of o**5/30 + o**4/6 + o**3/2